{"id":55990,"date":"2024-03-29T18:20:01","date_gmt":"2024-03-29T17:20:01","guid":{"rendered":"https:\/\/psicoterapia-gap.net\/blog\/?page_id=55990"},"modified":"2024-03-29T23:10:33","modified_gmt":"2024-03-29T22:10:33","slug":"mindfulness","status":"publish","type":"page","link":"https:\/\/psicoterapia-gap.net\/blog\/mindfulness\/","title":{"rendered":"Mindfulness"},"content":{"rendered":"\t\t<div data-elementor-type=\"wp-page\" data-elementor-id=\"55990\" class=\"elementor elementor-55990\">\n\t\t\t\t\t\t<section class=\"elementor-section elementor-top-section elementor-element elementor-element-1e1731b elementor-section-boxed elementor-section-height-default elementor-section-height-default\" data-id=\"1e1731b\" data-element_type=\"section\">\n\t\t\t\t\t\t<div class=\"elementor-container elementor-column-gap-default\">\n\t\t\t\t\t<div class=\"elementor-column elementor-col-100 elementor-top-column elementor-element elementor-element-a84d3ef\" data-id=\"a84d3ef\" data-element_type=\"column\">\n\t\t\t<div class=\"elementor-widget-wrap elementor-element-populated\">\n\t\t\t\t\t\t<div class=\"elementor-element elementor-element-73922f8 elementor-widget elementor-widget-heading\" data-id=\"73922f8\" data-element_type=\"widget\" data-widget_type=\"heading.default\">\n\t\t\t\t<div class=\"elementor-widget-container\">\n\t\t\t<h1 class=\"elementor-heading-title elementor-size-default\">Mindfulness<\/h1>\t\t<\/div>\n\t\t\t\t<\/div>\n\t\t\t\t<div class=\"elementor-element elementor-element-4fdb883 elementor-widget elementor-widget-heading\" data-id=\"4fdb883\" data-element_type=\"widget\" data-widget_type=\"heading.default\">\n\t\t\t\t<div class=\"elementor-widget-container\">\n\t\t\t<h2 class=\"elementor-heading-title elementor-size-default\">Qu\u00e9 es Mindfulness<\/h2>\t\t<\/div>\n\t\t\t\t<\/div>\n\t\t\t\t<div class=\"elementor-element elementor-element-0b8de67 elementor-widget elementor-widget-heading\" data-id=\"0b8de67\" data-element_type=\"widget\" data-widget_type=\"heading.default\">\n\t\t\t\t<div class=\"elementor-widget-container\">\n\t\t\t<h3 class=\"elementor-heading-title elementor-size-default\">Constituye una forma de relacionarnos con nuestra realidad\ndesde una perspectiva diferente a la que tradicionalmente nos han inculcado.<\/h3>\t\t<\/div>\n\t\t\t\t<\/div>\n\t\t\t\t<div class=\"elementor-element elementor-element-e9bed6d elementor-widget elementor-widget-text-editor\" data-id=\"e9bed6d\" data-element_type=\"widget\" data-widget_type=\"text-editor.default\">\n\t\t\t\t<div class=\"elementor-widget-container\">\n\t\t\t\t\t\t\t<p style=\"text-align: center;\">Apoy\u00e1ndose en el Budismo y otras tradiciones contemplativas, Mindfulness aboga por ense\u00f1ar a la persona a centrarse en el\u00a0<strong>aqu\u00ed y\u00a0el\u00a0ahora<\/strong>, entrenar su atenci\u00f3n e identificar y tomar conciencia de sus contenidos mentales, siendo capaz de auto-observarse y\u00a0<strong>haci\u00e9ndose (m\u00e1s) consciente<\/strong>\u00a0de procesos y situaciones que, aunque siempre presentes, nos suelen pasar desapercibidos.<\/p><p style=\"text-align: center;\">Desde el \u00e1mbito de la psicoterapia cada vez se incorporan m\u00e1s estrategias tipo Mindfulness en paquetes integrados de tratamiento que, precisamente por incorporar estas\u00a0estrategias de atenci\u00f3n y conciencia plena, han venido a denominarse como \u00ab<strong>Terapias de Tercera Generaci\u00f3n<\/strong>\u00ab. Desde el gabinete apostamos firmemente por la incorporaci\u00f3n de este tipo de estrategias y abogamos por proporcionar un espacio para el aprendizaje y la pr\u00e1ctica de las mismas.<\/p><p style=\"text-align: center;\">De manera peri\u00f3dica llevamos a cabo\u00a0<strong>cursos,\u00a0talleres y\u00a0sesiones de pr\u00e1ctica<\/strong>\u00a0quincenal\u00a0que nos permiten profundizar en esta \u00abactitud\u00bb e incorporar su pr\u00e1ctica en nuestro d\u00eda a d\u00eda. Si deseas m\u00e1s informaci\u00f3n no dudes en\u00a0<strong><a href=\"https:\/\/psicoterapia-gap.net\/blog\/contacto\/\">contactarnos<\/a><\/strong>.<\/p>\t\t\t\t\t\t<\/div>\n\t\t\t\t<\/div>\n\t\t\t\t\t<\/div>\n\t\t<\/div>\n\t\t\t\t\t<\/div>\n\t\t<\/section>\n\t\t\t\t<section class=\"elementor-section elementor-top-section elementor-element elementor-element-b9714a5 elementor-section-boxed elementor-section-height-default elementor-section-height-default\" data-id=\"b9714a5\" data-element_type=\"section\">\n\t\t\t\t\t\t<div class=\"elementor-container elementor-column-gap-default\">\n\t\t\t\t\t<div class=\"elementor-column elementor-col-25 elementor-top-column elementor-element elementor-element-d3fec15\" data-id=\"d3fec15\" data-element_type=\"column\">\n\t\t\t<div class=\"elementor-widget-wrap\">\n\t\t\t\t\t\t\t<\/div>\n\t\t<\/div>\n\t\t\t\t<div class=\"elementor-column elementor-col-50 elementor-top-column elementor-element elementor-element-94448b0\" data-id=\"94448b0\" data-element_type=\"column\">\n\t\t\t<div class=\"elementor-widget-wrap elementor-element-populated\">\n\t\t\t\t\t\t<div class=\"elementor-element elementor-element-9922a7e elementor-widget elementor-widget-image\" data-id=\"9922a7e\" data-element_type=\"widget\" data-widget_type=\"image.default\">\n\t\t\t\t<div class=\"elementor-widget-container\">\n\t\t\t\t\t\t\t\t\t\t\t\t\t<img fetchpriority=\"high\" decoding=\"async\" width=\"1024\" height=\"487\" src=\"https:\/\/psicoterapia-gap.net\/blog\/wp-content\/uploads\/2017\/05\/Captura-de-pantalla-2017-08-20-a-las-10_0005_Capa-4-1024x487.png\" class=\"attachment-large size-large wp-image-3358\" alt=\"\" srcset=\"https:\/\/psicoterapia-gap.net\/blog\/wp-content\/uploads\/2017\/05\/Captura-de-pantalla-2017-08-20-a-las-10_0005_Capa-4-1024x487.png 1024w, https:\/\/psicoterapia-gap.net\/blog\/wp-content\/uploads\/2017\/05\/Captura-de-pantalla-2017-08-20-a-las-10_0005_Capa-4-600x285.png 600w, https:\/\/psicoterapia-gap.net\/blog\/wp-content\/uploads\/2017\/05\/Captura-de-pantalla-2017-08-20-a-las-10_0005_Capa-4-300x143.png 300w, https:\/\/psicoterapia-gap.net\/blog\/wp-content\/uploads\/2017\/05\/Captura-de-pantalla-2017-08-20-a-las-10_0005_Capa-4-768x365.png 768w\" sizes=\"(max-width: 1024px) 100vw, 1024px\" \/>\t\t\t\t\t\t\t\t\t\t\t\t\t<\/div>\n\t\t\t\t<\/div>\n\t\t\t\t\t<\/div>\n\t\t<\/div>\n\t\t\t\t<div class=\"elementor-column elementor-col-25 elementor-top-column elementor-element elementor-element-85adaf4\" data-id=\"85adaf4\" data-element_type=\"column\">\n\t\t\t<div class=\"elementor-widget-wrap\">\n\t\t\t\t\t\t\t<\/div>\n\t\t<\/div>\n\t\t\t\t\t<\/div>\n\t\t<\/section>\n\t\t\t\t<\/div>\n\t\t","protected":false},"excerpt":{"rendered":"<p>Mindfulness Qu\u00e9 es Mindfulness Constituye una forma de relacionarnos con nuestra realidad desde una perspectiva diferente a la que tradicionalmente nos han inculcado. Apoy\u00e1ndose en el Budismo y otras tradiciones contemplativas, Mindfulness aboga por ense\u00f1ar a la persona a centrarse en el\u00a0aqu\u00ed y\u00a0el\u00a0ahora, entrenar su atenci\u00f3n e identificar y tomar conciencia de sus contenidos mentales, [&hellip;]<\/p>\n","protected":false},"author":1,"featured_media":0,"parent":0,"menu_order":0,"comment_status":"closed","ping_status":"closed","template":"","meta":{"_monsterinsights_skip_tracking":false,"_monsterinsights_sitenote_active":false,"_monsterinsights_sitenote_note":"","_monsterinsights_sitenote_category":0,"site-sidebar-layout":"no-sidebar","site-content-layout":"","ast-site-content-layout":"full-width-container","site-content-style":"default","site-sidebar-style":"default","ast-global-header-display":"","ast-banner-title-visibility":"","ast-main-header-display":"","ast-hfb-above-header-display":"","ast-hfb-below-header-display":"","ast-hfb-mobile-header-display":"","site-post-title":"disabled","ast-breadcrumbs-content":"","ast-featured-img":"disabled","footer-sml-layout":"","theme-transparent-header-meta":"","adv-header-id-meta":"","stick-header-meta":"","header-above-stick-meta":"","header-main-stick-meta":"","header-below-stick-meta":"","astra-migrate-meta-layouts":"default","ast-page-background-enabled":"default","ast-page-background-meta":{"desktop":{"background-color":"var(--ast-global-color-4)","background-image":"","background-repeat":"repeat","background-position":"center center","background-size":"auto","background-attachment":"scroll","background-type":"","background-media":"","overlay-type":"","overlay-color":"","overlay-opacity":"","overlay-gradient":""},"tablet":{"background-color":"","background-image":"","background-repeat":"repeat","background-position":"center center","background-size":"auto","background-attachment":"scroll","background-type":"","background-media":"","overlay-type":"","overlay-color":"","overlay-opacity":"","overlay-gradient":""},"mobile":{"background-color":"","background-image":"","background-repeat":"repeat","background-position":"center center","background-size":"auto","background-attachment":"scroll","background-type":"","background-media":"","overlay-type":"","overlay-color":"","overlay-opacity":"","overlay-gradient":""}},"ast-content-background-meta":{"desktop":{"background-color":"var(--ast-global-color-5)","background-image":"","background-repeat":"repeat","background-position":"center center","background-size":"auto","background-attachment":"scroll","background-type":"","background-media":"","overlay-type":"","overlay-color":"","overlay-opacity":"","overlay-gradient":""},"tablet":{"background-color":"var(--ast-global-color-5)","background-image":"","background-repeat":"repeat","background-position":"center center","background-size":"auto","background-attachment":"scroll","background-type":"","background-media":"","overlay-type":"","overlay-color":"","overlay-opacity":"","overlay-gradient":""},"mobile":{"background-color":"var(--ast-global-color-5)","background-image":"","background-repeat":"repeat","background-position":"center center","background-size":"auto","background-attachment":"scroll","background-type":"","background-media":"","overlay-type":"","overlay-color":"","overlay-opacity":"","overlay-gradient":""}},"footnotes":""},"class_list":["post-55990","page","type-page","status-publish","hentry"],"yoast_head":"<!-- This site is optimized with the Yoast SEO plugin v25.4 - https:\/\/yoast.com\/wordpress\/plugins\/seo\/ -->\n<title>Mindfulness - Gabinete de Acci\u00f3n Psicol\u00f3gica<\/title>\n<meta name=\"description\" content=\"Incorporaci\u00f3n de estrategias derivadas del Mindfulness en la intervenci\u00f3n psicol\u00f3gica. Terapias de tercera generaci\u00f3n. Regulaci\u00f3n emocional.\" \/>\n<meta name=\"robots\" content=\"index, follow, max-snippet:-1, max-image-preview:large, max-video-preview:-1\" \/>\n<link rel=\"canonical\" href=\"https:\/\/psicoterapia-gap.net\/blog\/mindfulness\/\" \/>\n<meta property=\"og:locale\" content=\"es_ES\" \/>\n<meta property=\"og:type\" content=\"article\" \/>\n<meta property=\"og:title\" content=\"Mindfulness - Gabinete de Acci\u00f3n Psicol\u00f3gica\" \/>\n<meta property=\"og:description\" content=\"Incorporaci\u00f3n de estrategias derivadas del Mindfulness en la intervenci\u00f3n psicol\u00f3gica. Terapias de tercera generaci\u00f3n. Regulaci\u00f3n emocional.\" \/>\n<meta property=\"og:url\" content=\"https:\/\/psicoterapia-gap.net\/blog\/mindfulness\/\" \/>\n<meta property=\"og:site_name\" content=\"Gabinete de Acci\u00f3n Psicol\u00f3gica\" \/>\n<meta property=\"article:modified_time\" content=\"2024-03-29T22:10:33+00:00\" \/>\n<meta property=\"og:image\" content=\"https:\/\/psicoterapia-gap.net\/blog\/wp-content\/uploads\/2017\/05\/Captura-de-pantalla-2017-08-20-a-las-10_0005_Capa-4-1024x487.png\" \/>\n<meta name=\"twitter:card\" content=\"summary_large_image\" \/>\n<meta name=\"twitter:label1\" content=\"Tiempo de lectura\" \/>\n\t<meta name=\"twitter:data1\" content=\"2 minutos\" \/>\n<script type=\"application\/ld+json\" class=\"yoast-schema-graph\">{\"@context\":\"https:\/\/schema.org\",\"@graph\":[{\"@type\":\"WebPage\",\"@id\":\"https:\/\/psicoterapia-gap.net\/blog\/mindfulness\/\",\"url\":\"https:\/\/psicoterapia-gap.net\/blog\/mindfulness\/\",\"name\":\"Mindfulness - Gabinete de Acci\u00f3n Psicol\u00f3gica\",\"isPartOf\":{\"@id\":\"https:\/\/psicoterapia-gap.net\/blog\/#website\"},\"primaryImageOfPage\":{\"@id\":\"https:\/\/psicoterapia-gap.net\/blog\/mindfulness\/#primaryimage\"},\"image\":{\"@id\":\"https:\/\/psicoterapia-gap.net\/blog\/mindfulness\/#primaryimage\"},\"thumbnailUrl\":\"https:\/\/psicoterapia-gap.net\/blog\/wp-content\/uploads\/2017\/05\/Captura-de-pantalla-2017-08-20-a-las-10_0005_Capa-4-1024x487.png\",\"datePublished\":\"2024-03-29T17:20:01+00:00\",\"dateModified\":\"2024-03-29T22:10:33+00:00\",\"description\":\"Incorporaci\u00f3n de estrategias derivadas del Mindfulness en la intervenci\u00f3n psicol\u00f3gica. Terapias de tercera generaci\u00f3n. Regulaci\u00f3n emocional.\",\"breadcrumb\":{\"@id\":\"https:\/\/psicoterapia-gap.net\/blog\/mindfulness\/#breadcrumb\"},\"inLanguage\":\"es\",\"potentialAction\":[{\"@type\":\"ReadAction\",\"target\":[\"https:\/\/psicoterapia-gap.net\/blog\/mindfulness\/\"]}]},{\"@type\":\"ImageObject\",\"inLanguage\":\"es\",\"@id\":\"https:\/\/psicoterapia-gap.net\/blog\/mindfulness\/#primaryimage\",\"url\":\"https:\/\/psicoterapia-gap.net\/blog\/wp-content\/uploads\/2017\/05\/Captura-de-pantalla-2017-08-20-a-las-10_0005_Capa-4.png\",\"contentUrl\":\"https:\/\/psicoterapia-gap.net\/blog\/wp-content\/uploads\/2017\/05\/Captura-de-pantalla-2017-08-20-a-las-10_0005_Capa-4.png\",\"width\":2880,\"height\":1370},{\"@type\":\"BreadcrumbList\",\"@id\":\"https:\/\/psicoterapia-gap.net\/blog\/mindfulness\/#breadcrumb\",\"itemListElement\":[{\"@type\":\"ListItem\",\"position\":1,\"name\":\"Portada\",\"item\":\"https:\/\/psicoterapia-gap.net\/blog\/\"},{\"@type\":\"ListItem\",\"position\":2,\"name\":\"Mindfulness\"}]},{\"@type\":\"WebSite\",\"@id\":\"https:\/\/psicoterapia-gap.net\/blog\/#website\",\"url\":\"https:\/\/psicoterapia-gap.net\/blog\/\",\"name\":\"Gabinete de Acci\u00f3n Psicol\u00f3gica\",\"description\":\"Psicolog\u00eda Madrid centro\",\"publisher\":{\"@id\":\"https:\/\/psicoterapia-gap.net\/blog\/#organization\"},\"alternateName\":\"GAP Psicolog\u00eda\",\"potentialAction\":[{\"@type\":\"SearchAction\",\"target\":{\"@type\":\"EntryPoint\",\"urlTemplate\":\"https:\/\/psicoterapia-gap.net\/blog\/?s={search_term_string}\"},\"query-input\":{\"@type\":\"PropertyValueSpecification\",\"valueRequired\":true,\"valueName\":\"search_term_string\"}}],\"inLanguage\":\"es\"},{\"@type\":\"Organization\",\"@id\":\"https:\/\/psicoterapia-gap.net\/blog\/#organization\",\"name\":\"Gabinete de Acci\u00f3n Psicol\u00f3gica\",\"url\":\"https:\/\/psicoterapia-gap.net\/blog\/\",\"logo\":{\"@type\":\"ImageObject\",\"inLanguage\":\"es\",\"@id\":\"https:\/\/psicoterapia-gap.net\/blog\/#\/schema\/logo\/image\/\",\"url\":\"https:\/\/psicoterapia-gap.net\/blog\/wp-content\/uploads\/2017\/08\/logo-151.png\",\"contentUrl\":\"https:\/\/psicoterapia-gap.net\/blog\/wp-content\/uploads\/2017\/08\/logo-151.png\",\"width\":164,\"height\":33,\"caption\":\"Gabinete de Acci\u00f3n Psicol\u00f3gica\"},\"image\":{\"@id\":\"https:\/\/psicoterapia-gap.net\/blog\/#\/schema\/logo\/image\/\"},\"sameAs\":[\"https:\/\/www.instagram.com\/gappsicologia\/\"]}]}<\/script>\n<!-- \/ Yoast SEO plugin. -->","yoast_head_json":{"title":"Mindfulness - Gabinete de Acci\u00f3n Psicol\u00f3gica","description":"Incorporaci\u00f3n de estrategias derivadas del Mindfulness en la intervenci\u00f3n psicol\u00f3gica. Terapias de tercera generaci\u00f3n. Regulaci\u00f3n emocional.","robots":{"index":"index","follow":"follow","max-snippet":"max-snippet:-1","max-image-preview":"max-image-preview:large","max-video-preview":"max-video-preview:-1"},"canonical":"https:\/\/psicoterapia-gap.net\/blog\/mindfulness\/","og_locale":"es_ES","og_type":"article","og_title":"Mindfulness - Gabinete de Acci\u00f3n Psicol\u00f3gica","og_description":"Incorporaci\u00f3n de estrategias derivadas del Mindfulness en la intervenci\u00f3n psicol\u00f3gica. Terapias de tercera generaci\u00f3n. Regulaci\u00f3n emocional.","og_url":"https:\/\/psicoterapia-gap.net\/blog\/mindfulness\/","og_site_name":"Gabinete de Acci\u00f3n Psicol\u00f3gica","article_modified_time":"2024-03-29T22:10:33+00:00","og_image":[{"url":"https:\/\/psicoterapia-gap.net\/blog\/wp-content\/uploads\/2017\/05\/Captura-de-pantalla-2017-08-20-a-las-10_0005_Capa-4-1024x487.png","type":"","width":"","height":""}],"twitter_card":"summary_large_image","twitter_misc":{"Tiempo de lectura":"2 minutos"},"schema":{"@context":"https:\/\/schema.org","@graph":[{"@type":"WebPage","@id":"https:\/\/psicoterapia-gap.net\/blog\/mindfulness\/","url":"https:\/\/psicoterapia-gap.net\/blog\/mindfulness\/","name":"Mindfulness - Gabinete de Acci\u00f3n Psicol\u00f3gica","isPartOf":{"@id":"https:\/\/psicoterapia-gap.net\/blog\/#website"},"primaryImageOfPage":{"@id":"https:\/\/psicoterapia-gap.net\/blog\/mindfulness\/#primaryimage"},"image":{"@id":"https:\/\/psicoterapia-gap.net\/blog\/mindfulness\/#primaryimage"},"thumbnailUrl":"https:\/\/psicoterapia-gap.net\/blog\/wp-content\/uploads\/2017\/05\/Captura-de-pantalla-2017-08-20-a-las-10_0005_Capa-4-1024x487.png","datePublished":"2024-03-29T17:20:01+00:00","dateModified":"2024-03-29T22:10:33+00:00","description":"Incorporaci\u00f3n de estrategias derivadas del Mindfulness en la intervenci\u00f3n psicol\u00f3gica. Terapias de tercera generaci\u00f3n. Regulaci\u00f3n emocional.","breadcrumb":{"@id":"https:\/\/psicoterapia-gap.net\/blog\/mindfulness\/#breadcrumb"},"inLanguage":"es","potentialAction":[{"@type":"ReadAction","target":["https:\/\/psicoterapia-gap.net\/blog\/mindfulness\/"]}]},{"@type":"ImageObject","inLanguage":"es","@id":"https:\/\/psicoterapia-gap.net\/blog\/mindfulness\/#primaryimage","url":"https:\/\/psicoterapia-gap.net\/blog\/wp-content\/uploads\/2017\/05\/Captura-de-pantalla-2017-08-20-a-las-10_0005_Capa-4.png","contentUrl":"https:\/\/psicoterapia-gap.net\/blog\/wp-content\/uploads\/2017\/05\/Captura-de-pantalla-2017-08-20-a-las-10_0005_Capa-4.png","width":2880,"height":1370},{"@type":"BreadcrumbList","@id":"https:\/\/psicoterapia-gap.net\/blog\/mindfulness\/#breadcrumb","itemListElement":[{"@type":"ListItem","position":1,"name":"Portada","item":"https:\/\/psicoterapia-gap.net\/blog\/"},{"@type":"ListItem","position":2,"name":"Mindfulness"}]},{"@type":"WebSite","@id":"https:\/\/psicoterapia-gap.net\/blog\/#website","url":"https:\/\/psicoterapia-gap.net\/blog\/","name":"Gabinete de Acci\u00f3n Psicol\u00f3gica","description":"Psicolog\u00eda Madrid centro","publisher":{"@id":"https:\/\/psicoterapia-gap.net\/blog\/#organization"},"alternateName":"GAP Psicolog\u00eda","potentialAction":[{"@type":"SearchAction","target":{"@type":"EntryPoint","urlTemplate":"https:\/\/psicoterapia-gap.net\/blog\/?s={search_term_string}"},"query-input":{"@type":"PropertyValueSpecification","valueRequired":true,"valueName":"search_term_string"}}],"inLanguage":"es"},{"@type":"Organization","@id":"https:\/\/psicoterapia-gap.net\/blog\/#organization","name":"Gabinete de Acci\u00f3n Psicol\u00f3gica","url":"https:\/\/psicoterapia-gap.net\/blog\/","logo":{"@type":"ImageObject","inLanguage":"es","@id":"https:\/\/psicoterapia-gap.net\/blog\/#\/schema\/logo\/image\/","url":"https:\/\/psicoterapia-gap.net\/blog\/wp-content\/uploads\/2017\/08\/logo-151.png","contentUrl":"https:\/\/psicoterapia-gap.net\/blog\/wp-content\/uploads\/2017\/08\/logo-151.png","width":164,"height":33,"caption":"Gabinete de Acci\u00f3n Psicol\u00f3gica"},"image":{"@id":"https:\/\/psicoterapia-gap.net\/blog\/#\/schema\/logo\/image\/"},"sameAs":["https:\/\/www.instagram.com\/gappsicologia\/"]}]}},"_links":{"self":[{"href":"https:\/\/psicoterapia-gap.net\/blog\/wp-json\/wp\/v2\/pages\/55990","targetHints":{"allow":["GET"]}}],"collection":[{"href":"https:\/\/psicoterapia-gap.net\/blog\/wp-json\/wp\/v2\/pages"}],"about":[{"href":"https:\/\/psicoterapia-gap.net\/blog\/wp-json\/wp\/v2\/types\/page"}],"author":[{"embeddable":true,"href":"https:\/\/psicoterapia-gap.net\/blog\/wp-json\/wp\/v2\/users\/1"}],"replies":[{"embeddable":true,"href":"https:\/\/psicoterapia-gap.net\/blog\/wp-json\/wp\/v2\/comments?post=55990"}],"version-history":[{"count":8,"href":"https:\/\/psicoterapia-gap.net\/blog\/wp-json\/wp\/v2\/pages\/55990\/revisions"}],"predecessor-version":[{"id":56073,"href":"https:\/\/psicoterapia-gap.net\/blog\/wp-json\/wp\/v2\/pages\/55990\/revisions\/56073"}],"wp:attachment":[{"href":"https:\/\/psicoterapia-gap.net\/blog\/wp-json\/wp\/v2\/media?parent=55990"}],"curies":[{"name":"wp","href":"https:\/\/api.w.org\/{rel}","templated":true}]}}